{"id":360373,"date":"2022-05-18T19:44:40","date_gmt":"2022-05-18T17:44:40","guid":{"rendered":"https:\/\/barcelonaroom.com\/?post_type=accommodation&#038;p=360373"},"modified":"2024-07-17T13:42:40","modified_gmt":"2024-07-17T11:42:40","slug":"h-inferior","status":"publish","type":"accommodation","link":"https:\/\/barcelonaroom.com\/fr\/propri\u00e9t\u00e9\/h-inferior\/","title":{"rendered":"H INFERIOR"},"content":{"rendered":"<p><strong>R\u00e9f\u00e9rence : H INFERIOR<br \/>\n<\/strong>Chambre de 5 m2 dans le centre de Barcelone. La chambre dispose d&rsquo;un lit simple ainsi que d&rsquo;une commode, d&rsquo;\u00e9tag\u00e8res et de deux petites tables. Cette chambre a ses propres toilettes et sa propre douche dans une <strong>salle de bain<\/strong>\u00a0s\u00e9par\u00e9e. La cuisine est partag\u00e9e avec 3 autres personnes. Dans l\u2019entr\u00e9e, vous trouverez un petit salon avec une table o\u00f9 manger et travailler, un\u00a0<strong>micro-ondes, et un r\u00e9frig\u00e9rateur \u00e0 la disposition du locataire<\/strong>. Le propri\u00e9taire, vit dans l\u2019autre partie du grand appartement. L\u2019ensemble de l\u2019appartement est \u00e9quip\u00e9 de meubles de style IKEA. Ce b\u00e2timent de style ancien dispose d\u2019un\u00a0<strong>ascenseur. L\u2019appartement est situ\u00e9 au 3\u00e8me \u00e9tage.<\/strong><\/p>\n<p><strong>\u00c9QUIPEMENT :<\/strong><br \/>\n<strong>Internet\/WIFI, A\/C,<\/strong>\u00a0micro-ondes, plaques de cuisson, lave-linge, sol carrel\u00e9, TV, radio, lecteur CD, r\u00e9frig\u00e9rateur, micro-ondes, machine \u00e0 caf\u00e9, syst\u00e8me de chauffage, cafeti\u00e8re, plaque de cuisson ,four. Linge de lit et serviettes et service de nettoyage chaque semaine. Fumer est autoris\u00e9 dans votre propre chambre. Les animaux de son pas accept\u00e9s. .<\/p>\n<p><strong>SITUATION<\/strong>\u00a0:<br \/>\nCette charmante chambre est situ\u00e9e pr\u00e8s du\u00a0<strong>Passeig de Gracia<\/strong>, l\u2019un des quartiers les plus embl\u00e9matiques et commerciaux du centre de Barcelone. Vous trouverez de nombreuses choses \u00e0 faire gr\u00e2ce aux nombreux magasins, mus\u00e9es et restaurants situ\u00e9s \u00e0 proximit\u00e9 de votre appartement.<br \/>\nStation de m\u00e9tro\u00a0<strong>L3 ; L4 ; L5<\/strong>\u00a0et bus\u00a0<strong>33, 34, H8, V17, 39, 7, V13 \u00e0 100m.<\/strong><br \/>\nVous \u00eates \u00e0 20 min \u00e0 pied de la\u00a0<strong>PLACE de CATALOGNE<\/strong><br \/>\nVous \u00eates \u00e0 15 min de la station d<strong>e la gare de SANTS<\/strong><br \/>\nVous \u00eates \u00e0 3.3 kms des\u00a0<strong>plages.<\/strong>\u00a0Vous pouvez vous y rendre \u00e0 pied mais aussi en bus et en m\u00e9tro.<\/p>\n<p><strong>PRIX PAR MOIS :<\/strong><br \/>\nLOYER : 700 EUR\/Mois (CHARGES comprises) + Frais d\u2019agence (TVA 21% comprise) + 1 mois de caution.<\/p>\n<p><strong>AVIS :<\/strong><br \/>\nVeuillez consulter le calendrier pour les vacances. La r\u00e9servation peut \u00eatre faite en utilisant le formulaire de demande de renseignements ci-dessus. Les frais d\u2019agence doivent \u00eatre pay\u00e9s \u00e0 l\u2019avance. Le loyer doit \u00eatre pay\u00e9 \u00e0 l\u2019arriv\u00e9e \u00e0 l\u2019appartement lors de la remise des cl\u00e9s. Une copie de votre passeport est exig\u00e9e par le propri\u00e9taire de l\u2019appartement.<\/p>\n<p><strong>COMMENT S\u2019Y RENDRE ?<\/strong><br \/>\nDe l\u2019a\u00e9roport : Prenez le train\u00a0<strong>RENFE<\/strong>\u00a0jusqu\u2019\u00e0 la\u00a0<strong>GARE de SANTS<\/strong>\u00a0puis prenez le m\u00e9tro L5\u00a0 et sortez \u00e0\u00a0<strong>\u00ab\u00a0VERDAGUER\u00a0\u00bb.<\/strong><br \/>\nParking : Calle Roger de Flor 208<\/p>\n<p>&nbsp;<\/p>\n","protected":false},"author":7,"featured_media":360375,"menu_order":0,"template":"","class_list":["post-360373","accommodation","type-accommodation","status-publish","has-post-thumbnail","hentry","facility-3eme-etage-avec-ascenseur","facility-ascenseur","facility-berceau-fr","facility-chambre-individuel","facility-climatisation","facility-cuisine-entierement-equipee","facility-douche-privee","facility-entierement-meuble","facility-etageres","facility-four","facility-fridge-fr","facility-garde-robe","facility-internet-wifi-3-fr","facility-langue-source-anglais-meubles-ikea-style","facility-micro-onde","facility-miroir","facility-parking-public","facility-salle-de-bain","facility-seche-cheveux","facility-femme-de-menage","facility-sol-en-mosaique","facility-table-de-nuit","facility-ustensils-de-cuisine","facility-villa-de-toit","facility-washing-machine-fr","facility-wc-a-part","acc_tag-french-students","acc_tag-french-young-people","acc_tag-location-centre-ville","acc_tag-location-longue-duree","acc_tag-partage-avec-les-personnes-agees","acc_tag-ville","accommodation_type-chambre-mensuelle"],"_links":{"self":[{"href":"https:\/\/barcelonaroom.com\/fr\/wp-json\/wp\/v2\/accommodation\/360373","targetHints":{"allow":["GET"]}}],"collection":[{"href":"https:\/\/barcelonaroom.com\/fr\/wp-json\/wp\/v2\/accommodation"}],"about":[{"href":"https:\/\/barcelonaroom.com\/fr\/wp-json\/wp\/v2\/types\/accommodation"}],"author":[{"embeddable":true,"href":"https:\/\/barcelonaroom.com\/fr\/wp-json\/wp\/v2\/users\/7"}],"wp:featuredmedia":[{"embeddable":true,"href":"https:\/\/barcelonaroom.com\/fr\/wp-json\/wp\/v2\/media\/360375"}],"wp:attachment":[{"href":"https:\/\/barcelonaroom.com\/fr\/wp-json\/wp\/v2\/media?parent=360373"}],"curies":[{"name":"wp","href":"https:\/\/api.w.org\/{rel}","templated":true}]}}

https://barcelonaroom.com/fr/propriété/h-inferior/

<p><strong>Référence : H INFERIOR<br />
</strong>Chambre de 5 m2 dans le centre de Barcelone. La chambre dispose d&rsquo;un lit simple ainsi que d&rsquo;une commode, d&rsquo;étagères et de deux petites tables. Cette chambre a ses propres toilettes et sa propre douche dans une <strong>salle de bain</strong> séparée. La cuisine est partagée avec 3 autres personnes. Dans l’entrée, vous trouverez un petit salon avec une table où manger et travailler, un <strong>micro-ondes, et un réfrigérateur à la disposition du locataire</strong>. Le propriétaire, vit dans l’autre partie du grand appartement. L’ensemble de l’appartement est équipé de meubles de style IKEA. Ce bâtiment de style ancien dispose d’un <strong>ascenseur. L’appartement est situé au 3ème étage.</strong></p>
<p><strong>ÉQUIPEMENT :</strong><br />
<strong>Internet/WIFI, A/C,</strong> micro-ondes, plaques de cuisson, lave-linge, sol carrelé, TV, radio, lecteur CD, réfrigérateur, micro-ondes, machine à café, système de chauffage, cafetière, plaque de cuisson ,four. Linge de lit et serviettes et service de nettoyage chaque semaine. Fumer est autorisé dans votre propre chambre. Les animaux de son pas acceptés. .</p>
<p><strong>SITUATION</strong> :<br />
Cette charmante chambre est située près du <strong>Passeig de Gracia</strong>, l’un des quartiers les plus emblématiques et commerciaux du centre de Barcelone. Vous trouverez de nombreuses choses à faire grâce aux nombreux magasins, musées et restaurants situés à proximité de votre appartement.<br />
Station de métro <strong>L3 ; L4 ; L5</strong> et bus <strong>33, 34, H8, V17, 39, 7, V13 à 100m.</strong><br />
Vous êtes à 20 min à pied de la <strong>PLACE de CATALOGNE</strong><br />
Vous êtes à 15 min de la station d<strong>e la gare de SANTS</strong><br />
Vous êtes à 3.3 kms des <strong>plages.</strong> Vous pouvez vous y rendre à pied mais aussi en bus et en métro.</p>
<p><strong>PRIX PAR MOIS :</strong><br />
LOYER : 700 EUR/Mois (CHARGES comprises) + Frais d’agence (TVA 21% comprise) + 1 mois de caution.</p>
<p><strong>AVIS :</strong><br />
Veuillez consulter le calendrier pour les vacances. La réservation peut être faite en utilisant le formulaire de demande de renseignements ci-dessus. Les frais d’agence doivent être payés à l’avance. Le loyer doit être payé à l’arrivée à l’appartement lors de la remise des clés. Une copie de votre passeport est exigée par le propriétaire de l’appartement.</p>
<p><strong>COMMENT S’Y RENDRE ?</strong><br />
De l’aéroport : Prenez le train <strong>RENFE</strong> jusqu’à la <strong>GARE de SANTS</strong> puis prenez le métro L5  et sortez à <strong>« VERDAGUER ».</strong><br />
Parking : Calle Roger de Flor 208</p>
<p>&nbsp;</p>
