{"id":259048,"date":"2012-10-18T00:00:00","date_gmt":"2012-10-17T23:00:00","guid":{"rendered":"http:\/\/barcelonaroomcom.fatcow.com\/websites\/bcn\/fr\/?post_type=accommodation&#038;p=259048"},"modified":"2022-05-28T12:37:20","modified_gmt":"2022-05-28T10:37:20","slug":"h-gaudi-2","status":"publish","type":"accommodation","link":"https:\/\/barcelonaroom.com\/fr\/propri\u00e9t\u00e9\/h-gaudi-2\/","title":{"rendered":"H GAUDI 2"},"content":{"rendered":"<p><strong>R\u00e9f\u00e9rence: H GAUDI 2<br \/>\nChambre individuelle\u00a0de 11 m\u00b2<\/strong>\u00a0disponible dans appartement de 94 m\u00b2. Il est situ\u00e9 \u00e0 seulement 2 min \u00e0 pied de la c\u00e9l\u00e8bre \u00ab\u00a0Sagrada Familia\u00a0\u00bb\/ 3 min \u00e0\u00a0pied de la station de\u00a0bus. Cette chambre dispose d&rsquo;un <strong>balcon (6 m\u00b2)<\/strong>. <strong>Les 2 salles de bains (4 &amp; 3 m\u00b2)<\/strong>\u00a0sont \u00e9quip\u00e9es\u00a0de douches et\u00a0de toilettes. <strong>La cuisine (5m\u00b2)<\/strong> est enti\u00e8rement \u00e9quip\u00e9e. Il y a aussi une <strong>salle \u00e0 manger \/ salon<\/strong> de 24 m\u00b2, avec acc\u00e8s \u00e0 une veranda.<strong> La salle de bain, la cuisine et la salle \u00e0 manger sont \u00e0 partager\u00a0avec les colocataires des autres chambres<\/strong>. <strong>Il y a 4 chambres au total.<\/strong> Il est interdit de fumer dans l&rsquo;appartement et les animaux ne sont pas authoris\u00e9s.<\/p>\n<p><strong>EQUIPEMENT:<\/strong><br \/>\n2e \u00e9tage avec ascenseur, carrelage, climatisation, chauffage, r\u00e9frig\u00e9rateur, cong\u00e9lateur, micro-ondes, lave-vaisselle, four, machine \u00e0 laver, cuisini\u00e8re \u00e0 gaz, machine \u00e0 caf\u00e9, machine \u00e0 expresso, fer \u00e0 repasser. Les draps et serviettes disponibles.<strong>INTERNET\/WIFI<\/strong><\/p>\n<p><strong>SITUATION:<\/strong><br \/>\n3 min \u00e0 pied de la station de m\u00e9tro \u00ab\u00a0Sagrada Familia\u00a0\u00bb.<br \/>\n3 min \u00e0 pied de l&rsquo;arret de bus.<br \/>\n15 min en bus de la \u00ab\u00a0Plaza Catalu\u00f1a\u00a0\u00bb<br \/>\n20 minutes avec le m\u00e9tro \/ bus pour la plage.<br \/>\n25 minutes en m\u00e9tro \/ bus de \u00ab\u00a0Estacion Sants\u00a0\u00bb (gare principale)<\/p>\n<p><strong>PRIX PAR MOIS:<\/strong><br \/>\n1 Personne \/ Mois \/ 450 EUR + Frais d&rsquo;agence (21% TVA incluse) + 5 EUR frais bancaires + D\u00e9p\u00f4t de garantie + 20 EUR Nettoyage final<\/p>\n<p><strong>OBSERVATION:<\/strong><br \/>\nN&rsquo;h\u00e9sitez pas \u00e0 verifier les disponibilit\u00e9s de l&rsquo;appartement et \u00e0 remplir ci-dessus le formulaire de demande. La photocopie du passeport est exig\u00e9e \u00e0 l&rsquo;arriv\u00e9e. L&rsquo;\u00e9change du loyer et des clefs se fait lors de l&rsquo;arriv\u00e9e dans l&rsquo;appartement.<\/p>\n<p><strong>COMMENT ACCEDER ?<\/strong><br \/>\nComment y acc\u00e9der en metro, bus, a\u00e9roport&#8230;<br \/>\n<strong>Metro L5 et L4 \u00ab\u00a0VERDAGUER\u00a0\u00bb.<br \/>\n<\/strong><strong>Depuis l&rsquo;a\u00e9roport: <\/strong> Prendre le train jusqu&rsquo;\u00e0 la Estaci\u00f3n SANTS. Puis prendre m\u00e9tro <strong>L5<strong> jusqu&rsquo;\u00e0<strong> \u00ab\u00a0VERDAGUER\u00a0\u00bb. <strong>Vous \u00eates alors \u00e0 5min \u00e0 pied de l&rsquo;appartement. <\/strong><\/strong><\/strong><\/strong><\/p>\n","protected":false},"author":7,"featured_media":359730,"menu_order":847,"template":"","class_list":["post-259048","accommodation","type-accommodation","status-publish","has-post-thumbnail","hentry","facility-1er-etage-avec-ascenseur","facility-ascenseur","facility-aspirateur","facility-balcon","facility-canape-lit-normal","facility-canape-lit-dans-salon","facility-cd-fr-2","facility-chambre-individuel","facility-chauffage-electrique","facility-chauffage-radiateur","facility-condition-claire-fr-3","facility-condition-claire-fr","facility-cuisine-entierement-equipee","facility-cuisiniere-induction","facility-draps-et-serviettes-disponibles","facility-entierement-meuble","facility-etageres","facility-iron-ironing-board-fr","facility-four","facility-grille-pain","facility-internet-fr","facility-internet-wifi-3-fr","facility-lit-individuel","facility-machine-a-cafe","facility-machine-a-cafe-italienne","facility-langue-source-anglais-meubles-ikea-style","facility-meubles-style-moderne","facility-micro-onde","facility-mixeur","facility-parking-public","facility-refrigerateur","facility-salle-de-bain-a-partager","facility-salle-de-bains-a-partager","facility-serviettes-de-bain","facility-sol-en-pierre","facility-table-a-manger","facility-table-de-nuit","facility-tv-fr-2","facility-tv-digital-fr","facility-ustensils-de-cuisine","facility-washing-machine-fr","acc_tag-french-students","acc_tag-french-young-people","acc_tag-location-centre-ville","acc_tag-location-longue-duree","acc_tag-partage-avec-des-professionnels","acc_tag-personne-supplementaire","acc_tag-super-deal-fr","acc_tag-vie-nocturne","acc_tag-ville","accommodation_type-chambre-mensuelle"],"_links":{"self":[{"href":"https:\/\/barcelonaroom.com\/fr\/wp-json\/wp\/v2\/accommodation\/259048","targetHints":{"allow":["GET"]}}],"collection":[{"href":"https:\/\/barcelonaroom.com\/fr\/wp-json\/wp\/v2\/accommodation"}],"about":[{"href":"https:\/\/barcelonaroom.com\/fr\/wp-json\/wp\/v2\/types\/accommodation"}],"author":[{"embeddable":true,"href":"https:\/\/barcelonaroom.com\/fr\/wp-json\/wp\/v2\/users\/7"}],"wp:featuredmedia":[{"embeddable":true,"href":"https:\/\/barcelonaroom.com\/fr\/wp-json\/wp\/v2\/media\/359730"}],"wp:attachment":[{"href":"https:\/\/barcelonaroom.com\/fr\/wp-json\/wp\/v2\/media?parent=259048"}],"curies":[{"name":"wp","href":"https:\/\/api.w.org\/{rel}","templated":true}]}}

https://barcelonaroom.com/fr/propriété/h-gaudi-2/

<p><strong>Référence: H GAUDI 2<br />
Chambre individuelle de 11 m²</strong> disponible dans appartement de 94 m². Il est situé à seulement 2 min à pied de la célèbre « Sagrada Familia »/ 3 min à pied de la station de bus. Cette chambre dispose d&rsquo;un <strong>balcon (6 m²)</strong>. <strong>Les 2 salles de bains (4 &amp; 3 m²)</strong> sont équipées de douches et de toilettes. <strong>La cuisine (5m²)</strong> est entièrement équipée. Il y a aussi une <strong>salle à manger / salon</strong> de 24 m², avec accès à une veranda.<strong> La salle de bain, la cuisine et la salle à manger sont à partager avec les colocataires des autres chambres</strong>. <strong>Il y a 4 chambres au total.</strong> Il est interdit de fumer dans l&rsquo;appartement et les animaux ne sont pas authorisés.</p>
<p><strong>EQUIPEMENT:</strong><br />
2e étage avec ascenseur, carrelage, climatisation, chauffage, réfrigérateur, congélateur, micro-ondes, lave-vaisselle, four, machine à laver, cuisinière à gaz, machine à café, machine à expresso, fer à repasser. Les draps et serviettes disponibles.<strong>INTERNET/WIFI</strong></p>
<p><strong>SITUATION:</strong><br />
3 min à pied de la station de métro « Sagrada Familia ».<br />
3 min à pied de l&rsquo;arret de bus.<br />
15 min en bus de la « Plaza Cataluña »<br />
20 minutes avec le métro / bus pour la plage.<br />
25 minutes en métro / bus de « Estacion Sants » (gare principale)</p>
<p><strong>PRIX PAR MOIS:</strong><br />
1 Personne / Mois / 450 EUR + Frais d&rsquo;agence (21% TVA incluse) + 5 EUR frais bancaires + Dépôt de garantie + 20 EUR Nettoyage final</p>
<p><strong>OBSERVATION:</strong><br />
N&rsquo;hésitez pas à verifier les disponibilités de l&rsquo;appartement et à remplir ci-dessus le formulaire de demande. La photocopie du passeport est exigée à l&rsquo;arrivée. L&rsquo;échange du loyer et des clefs se fait lors de l&rsquo;arrivée dans l&rsquo;appartement.</p>
<p><strong>COMMENT ACCEDER ?</strong><br />
Comment y accéder en metro, bus, aéroport&#8230;<br />
<strong>Metro L5 et L4 « VERDAGUER ».<br />
</strong><strong>Depuis l&rsquo;aéroport: </strong> Prendre le train jusqu&rsquo;à la Estación SANTS. Puis prendre métro <strong>L5<strong> jusqu&rsquo;à<strong> « VERDAGUER ». <strong>Vous êtes alors à 5min à pied de l&rsquo;appartement. </strong></strong></strong></strong></p>
